
Calculate the remainder when 571 is divided by 562.
9
Calculate the remainder when 919 is divided by 163.
104
Calculate the remainder when 203 is divided by 2.
1
Calculate the remainder when 14 is divided by 5.
4
What is the remainder when 596 is divided by 594?
2
Calculate the remainder when 314 is divided by 180.
134
Calculate the remainder when 606 is divided by 288.
30
Calculate the remainder when 81 is divided by 65.
16
What is the remainder when 1870 is divided by 9?
7
What is the remainder when 522 is divided by 25?
22
Calculate the remainder when 376 is divided by 54.
52
What is the remainder when 305 is divided by 184?
121
What is the remainder when 15 is divided by 8?
7
What is the remainder when 512 is divided by 101?
7
What is the remainder when 92 is divided by 22?
4
What is the remainder when 1060 is divided by 16?
4
Calculate the remainder when 182 is divided by 111.
71
Calculate the remainder when 7103 is divided by 38.
35
What is the remainder when 765 is divided by 24?
21
Calculate the remainder when 42 is divided by 11.
9
Calculate the remainder when 913 is divided by 4.
1
What is the remainder when 1833 is divided by 458?
1
What is the remainder when 170 is divided by 34?
0
What is the remainder when 2582 is divided by 41?
40
Calculate the remainder when 53 is divided by 47.
6
Calculate the remainder when 235 is divided by 27.
19
Calculate the remainder when 131 is divided by 24.
11
What is the remainder when 1006 is divided by 36?
34
What is the remainder when 371 is divided by 27?
20
Calculate the remainder when 64 is divided by 43.
21
Calculate the remainder when 537 is divided by 20.
17
Calculate the remainder when 406 is divided by 103.
97
What is the remainder when 7610 is divided by 18?
14
Calculate the remainder when 321 is divided by 7.
6
What is the remainder when 1292 is divided by 72?
68
Calculate the remainder when 283 is divided by 44.
19
Calculate the remainder when 185 is divided by 93.
92
What is the remainder when 681 is divided by 341?
340
Calculate the remainder when 14 is divided by 11.
3
Calculate the remainder when 152 is divided by 58.
36
What is the remainder when 34 is divided by 8?
2
What is the remainder when 27 is divided by 10?
7
Calculate the remainder when 725 is divided by 28.
25
Calculate the remainder when 600 is divided by 572.
28
What is the remainder when 18365 is divided by 28?
25
What is the remainder when 260 is divided by 75?
35
What is the remainder when 199 is divided by 36?
19
Calculate the remainder when 808 is divided by 18.
16
What is the remainder when 604 is divided by 23?
6
Calculate the remainder when 155 is divided by 78.
77
Calculate the remainder when 468 is divided by 465.
3
What is the remainder when 325 is divided by 33?
28
Calculate the remainder when 41 is divided by 22.
19
Calculate the remainder when 853 is divided by 18.
7
Calculate the remainder when 1243 is divided by 250.
243
What is the remainder when 212 is divided by 40?
12
Calculate the remainder when 71 is divided by 6.
5
What is the remainder when 13419 is divided by 20?
19
Calculate the remainder when 2855 is divided by 28.
27
Calculate the remainder when 482 is divided by 11.
9
Calculate the remainder when 174 is divided by 57.
3
Calculate the remainder when 935 is divided by 12.
11
Calculate the remainder when 2918 is divided by 21.
20
Calculate the remainder when 592 is divided by 585.
7
What is the remainder when 319 is divided by 1?
0
Calculate the remainder when 59 is divided by 16.
11
What is the remainder when 27 is divided by 8?
3
What is the remainder when 11842 is divided by 188?
186
Calculate the remainder when 477 is divided by 149.
30
Calculate the remainder when 69 is divided by 18.
15
Calculate the remainder when 8 is divided by 6.
2
Calculate the remainder when 313 is divided by 76.
9
What is the remainder when 645 is divided by 25?
20
What is the remainder when 236 is divided by 50?
36
What is the remainder when 337 is divided by 110?
7
What is the remainder when 156 is divided by 53?
50
What is the remainder when 446 is divided by 41?
36
Calculate the remainder when 1193 is divided by 235.
18
What is the remainder when 1562 is divided by 68?
66
What is the remainder when 27 is divided by 10?
7
Calculate the remainder when 1009 is divided by 498.
13
What is the remainder when 1119 is divided by 35?
34
What is the remainder when 763 is divided by 12?
7
What is the remainder when 90 is divided by 13?
12
What is the remainder when 4830 is divided by 186?
180
Calculate the remainder when 1084 is divided by 3.
1
What is the remainder when 70 is divided by 28?
14
What is the remainder when 102 is divided by 20?
2
Calculate the remainder when 48 is divided by 25.
23
What is the remainder when 1698 is divided by 89?
7
Calculate the remainder when 4147 is divided by 173.
168
Calculate the remainder when 236 is divided by 53.
24
What is the remainder when 210 is divided by 105?
0
Calculate the remainder when 1119 is divided by 35.
34
Calculate the remainder when 44 is divided by 29.
15
Calculate the remainder when 1718 is divided by 81.
17
What is the remainder when 807 is divided by 90?
87
What is the remainder when 514 is divided by 37?
33
Calculate the remainder when 580 is divided by 152.
124
What is the remainder when 1714 is divided by 5?
4
Calculate the remainder when 3341 is divided by 38.
35
Calculate the remainder when 948 is divided by 105.
3
Calculate the remainder when 8771 is divided by 117.
113
What is the remainder when 2464 is divided by 24?
16
Calculate the remainder when 537 is divided by 164.
45
What is the remainder when 3399 is divided by 68?
67
What is the remainder when 114 is divided by 63?
51
What is the remainder when 2430 is divided by 47?
33
Calculate the remainder when 3400 is divided by 179.
178
What is the remainder when 132 is divided by 18?
6
What is the remainder when 3112 is divided by 164?
160
What is the remainder when 12756 is divided by 23?
14
Calculate the remainder when 296 is divided by 28.
16
Calculate the remainder when 525 is divided by 60.
45
Calculate the remainder when 22 is divided by 14.
8
Calculate the remainder when 363 is divided by 3.
0
Calculate the remainder when 133 is divided by 81.
52
Calculate the remainder when 3253 is divided by 15.
13
What is the remainder when 84 is divided by 17?
16
Calculate the remainder when 71 is divided by 71.
0
Calculate the remainder when 250 is divided by 36.
34
Calculate the remainder when 525 is divided by 138.
111
Calculate the remainder when 3202 is divided by 1061.
19
What is the remainder when 342 is divided by 110?
12
Calculate the remainder when 610 is divided by 51.
49
Calculate the remainder when 461 is divided by 118.
107
What is the remainder when 335 is divided by 79?
19
What is the remainder when 374 is divided by 41?
5
What is the remainder when 495 is divided by 73?
57
What is the remainder when 77 is divided by 67?
10
Calculate the remainder when 1317 is divided by 598.
121
Calculate the remainder when 1583 is divided by 61.
58
What is the remainder when 117 is divided by 34?
15
Calculate the remainder when 286 is divided by 91.
13
Calculate the remainder when 412 is divided by 109.
85
What is the remainder when 1118 is divided by 49?
40
Calculate the remainder when 757 is divided by 38.
35
Calculate the remainder when 865 is divided by 145.
140
Calculate the remainder when 118 is divided by 40.
38
What is the remainder when 80 is divided by 64?
16
What is the remainder when 216 is divided by 118?
98
What is the remainder when 75 is divided by 28?
19
Calculate the remainder when 100 is divided by 6.
4
Calculate the remainder when 207 is divided by 59.
30
What is the remainder when 193 is divided by 80?
33
Calculate the remainder when 2117 is divided by 59.
52
What is the remainder when 35 is divided by 10?
5
Calculate the remainder when 710 is divided by 47.
5
What is the remainder when 356 is divided by 20?
16
Calculate the remainder when 626 is divided by 106.
96
Calculate the remainder when 487 is divided by 56.
39
Calculate the remainder when 1722 is divided by 23.
20
Calculate the remainder when 328 is divided by 25.
3
What is the remainder when 1692 is divided by 338?
2
What i